t u be 60/14 - 12/42. Let r be m(u). Suppose -2*d + 395 = r*d. What is the tens digit of d?
7
Let n(v) be the third derivative of 137*v**5/60 + 29*v**4/12 + 22*v**2. What is the hundreds digit of n(-3)?
0
Let r = 59195 - 10115. What is the tens digit of r?
8
What is the units digit of (((-11191)/3)/1)/((-14)/(-21))*-2?
1
Suppose 0 = -3*u + c + 150, 5*u - c - 243 = 5. Let y = 43 - u. Let x(z) = -7*z - 6. What is the tens digit of x(y)?
3
Let c(u) = u**3 + u**2 - 2*u - 1. Let w be c(-2). Let t be ((-5)/3 + w)/(1/3). What is the tens digit of 117 + (-4)/(t/(-2))?
1
Suppose -5*c = 2*l - 0*l - 575, -4*c + 458 = 2*l. Suppose 42 = 43*t - 22*t. Suppose -i - k - 3*k = -c, -2 = t*k. What is the units digit of i?
1
Let n = -161 + 266. Suppose 0 = 4*s + 2*o - n - 61, -4*o - 240 = -5*s. What is the units digit of s?
4
Let r be (223/(-2))/(7/(-42)). What is the tens digit of (4 - (3 - 0))/(3/r)?
2
Let y be (-1)/(-2)*(62 - -4). Let t be -1 + 3/1 + y. What is the units digit of 4680/t + (-5)/(70/(-4))?
4
Let x(u) = -3*u + 22. Let v be x(6). Suppose -8 = v*y, -3*y + 274 + 64 = p. What is the units digit of p?
4
Let c(f) = 43*f + 13 + 45*f - 63*f. What is the hundreds digit of c(20)?
5
Suppose 0 = -2*u + n - 2*n + 99799, 0 = 2*u - 2*n - 99820. What is the ten thousands digit of u?
4
Suppose 40*r - 282384 = -177925 + 685181. What is the hundreds digit of r?
7
Suppose g + 5*z - 21759 = 11505, 4*z + 133200 = 4*g. What is the tens digit of g?
9
Let y be -1 + (-2)/(-3) - (-32)/6. Let w(b) = b**2 + 4*b - 5. Let j be w(y). Suppose 2*o + 2*u = 16, -4*o + 7*u + j = 3*u. What is the units digit of o?
9
Suppose 0 = -19*y - 299 - 803. What is the units digit of (-1 - 1)/(y/29261)?
9
Suppose 2459356 = 32*x + 12*x + 15*x. What is the hundreds digit of x?
6
Suppose 4 = -4*a + 8, -4*m = -a - 195611. What is the units digit of m?
3
Let h(m) = 5*m + 77. Let x be h(-13). Let p = x - -89. What is the tens digit of p?
0
Let c = -21222 + 26047. What is the tens digit of c?
2
Let l = -13212 - -22880. What is the hundreds digit of l?
6
Let j(a) = 3*a**2 + 19*a + 96. Suppose -2*d = 8 - 4, 3*d = -4*p + 66. What is the thousands digit of j(p)?
1
Suppose -461436 = -80*y + 952895 - 170091. What is the hundreds digit of y?
5
Suppose 0 = 10*r + 7041 + 12919. What is the hundreds digit of r/(-14) + 42/98?
1
Let k(y) = -7*y - 125 - 3*y + 62 + 137. What is the tens digit of k(-3)?
0
Suppose 4*i + 34653 = 8*i + 3*r, 3 = -3*r. What is the tens digit of i?
6
Suppose 15*k - 5*k = 30. Suppose 344 = 2*c - k*t, 3*c - 9*t + 10*t = 527. What is the units digit of c?
5
Suppose -4*v - 1414*f + 19988 = -1410*f, 0 = v - 3*f - 5005. What is the hundreds digit of v?
9
Let q(m) = 631*m + 490. What is the thousands digit of q(2)?
1
Let c be -6*(-4 + (-1112)/36)*-6. What is the units digit of 3*(c/20)/(2/(-5))?
1
Let q(y) = -y**3 + y**2 - 6*y + 8. Let v be q(3). What is the units digit of 326/4 + 70/v?
9
Suppose 18828 + 30452 = 28*r. What is the tens digit of r?
6
Let d = 59 + -107. Let a = -41 - d. Suppose 2*z = 9*z - a. What is the units digit of z?
1
Let i = -87 - -68. Let u(v) = 2*v + 44. Let o be u(i). Suppose 7 - o = 2*l + 3*g, -g - 5 = 0. What is the units digit of l?
8
Suppose 2*w + 5*d - 23637 = 0, -d + 122 = 129. What is the hundreds digit of w?
8
Let b(x) be the first derivative of 18*x**2 - 11*x + 15. What is the tens digit of b(1)?
2
Suppose -18*b = -21*b + 12. Let l(g) = 10*g - 10*g - 2 - b*g + 1. What is the units digit of l(-11)?
3
Let b(w) be the second derivative of w**5/20 - w**4/4 - 7*w**3/3 - 4*w**2 + 2*w + 9. What is the hundreds digit of b(9)?
3
Let s be (36/(-30))/((-6)/10). Suppose -4*k + 1509 = -3*b, -3*b = -5*k + s*b + 1880. What is the tens digit of k?
8
Let d be 1*42*(-12)/24. Let w be (3/(d/8))/(4/(-14)). Suppose -n = 4*t - 91, -4*n - 83 = -5*n + w*t. What is the units digit of n?
7
Suppose -2*s - 10 = -3*w - w, 0 = 4*w - 8. Let j(h) be the second derivative of 26*h**4/3 + 2*h**3/3 + h**2 - 198*h. What is the hundreds digit of j(s)?
1
Let f = 237 + -528. Let t = 1576 + f. What is the units digit of t?
5
Let b(x) = -x**3 + x + 11. Suppose -3*f - 20 = 2*f - 5*q, 3*q = -f + 12. What is the tens digit of b(f)?
1
Let i be ((-4)/(-6))/((176/429)/8). Suppose 0 = -r + 2*s + 588, i*r - 3*s + 2330 = 17*r. What is the tens digit of r?
8
Suppose 0 = -6*o + 5*o + 11. Let g(f) = f**3 - 7*f**2 - 24*f - 26. Let y be g(o). Suppose -z + 0*r + y = 2*r, -5*r - 379 = -2*z. What is the units digit of z?
2
Let d = 2490 - 6254. Let p be d/(-1) + -2 - 0. What is the units digit of ((-4)/(-6))/(44/p)?
7
Let p(i) = -26*i + 24. Let n be p(-12). Suppose 4*o - n = -2*o. Suppose -2 = d, -4*d - o = -5*h + 232. What is the tens digit of h?
5
Suppose 2*f = 4*v + 204, v = 2*v - 5*f + 51. Let t = 91 + v. Suppose -190 = -3*x - t. What is the units digit of x?
0
Let i be 4/(-6) + 4133/3. Let o = i + -800. What is the tens digit of o?
7
Let i be (6/(-4))/(9/(-12)). Suppose 4*r - i*u - 42 = -r, 3*r - 5*u = 29. Suppose r*l - 832 = 32. What is the hundreds digit of l?
1
Suppose 10 = -k - 4*i, -i + 20 = 4*i. Let y = k - -28. Suppose -262 = -y*p + 2*q, -4*p = -2*p - 4*q - 254. What is the tens digit of p?
3
Suppose -4*q = 5*t - 10*t + 10, 3 = -4*t + q. Let w be (141/(-3))/(t/6). Suppose -5*b + w = -559. What is the hundreds digit of b?
1
Let s be -4 - (-16)/4 - 0. Suppose 0 = -v - s*f + 5*f - 20, -3*v + 40 = 5*f. Let g(o) = 28*o + 9. What is the units digit of g(v)?
9
Let m = 11718 - 5507. What is the thousands digit of m?
6
Suppose -2*w = -4*x + 1654, 2*x - 15*w = -10*w + 847. Let q = -154 + x. What is the tens digit of q?
5
Suppose b - 4*w - 14 = -b, 2*b - 38 = -2*w. Let a be (-64)/(-10) - 3 - 6/b. What is the units digit of (79 - 4 - a)/1?
2
Let y = 29 - 1. Suppose 16*c - 18 = 13*c. Let z = c + y. What is the units digit of z?
4
Let i = 1139 - 478. Let t = 106 + i. What is the tens digit of t?
6
Suppose -89*z + 88*z - 6 = 0. Let p(i) = 3*i**2 + 2*i - 38. What is the tens digit of p(z)?
5
Let m = 760 - 388. What is the hundreds digit of m*(-8)/12*-2?
4
Suppose 5*d + 3*w = 160877, 27*d + 5*w - 64328 = 25*d. What is the hundreds digit of d?
1
Suppose -71 = -6*o - 29. Let u(q) = 3*q**2 + 5*q - 4. What is the hundreds digit of u(o)?
1
Let b(d) = 108*d - 2. Let r be b(2). Let v = r - 118. What is the tens digit of v?
9
Let u = -21269 + 33272. What is the units digit of u?
3
Let g(f) = -146*f - 564. What is the units digit of g(-19)?
0
Let t be (-3)/(-1 + (-10)/(-5)). Let s be -1 + (4 + t)*130. Suppose 0 = 3*o + 3*b - 189, -2*o = -2*b + b - s. What is the tens digit of o?
6
Suppose -1436*z - 218499 = -1439*z - 5*c, 0 = z - 2*c - 72833. What is the units digit of z?
3
Suppose 10*j - 111005 = 6*j + 31487. What is the thousands digit of j?
5
Let b(j) = -j**3 + 34*j**2 + 27*j - 12. Let l = -61 + 95. What is the hundreds digit of b(l)?
9
Let u = -3709 + 11963. What is the hundreds digit of u?
2
Let h(u) = -33*u**3 - 29*u**2 + 17*u + 38. What is the hundreds digit of h(-7)?
8
Let m(u) = 14*u - 2. Let v be m(1). What is the tens digit of v*24*(-360)/(-81)?
8
Let b be ((-16)/3)/4*3 + 94. Let p = -138 + b. Let v = 102 + p. What is the units digit of v?
4
Suppose -25*h + 91624 + 29770 = 17194. What is the tens digit of h?
6
Let v = 16 + -7. What is the hundreds digit of (-2728)/44*v/(-2)?
2
Let a(u) = u**3 - 11*u**2 + 13*u - 24. Let x be a(10). Let j = x - -506. What is the tens digit of j?
1
Let f(y) = -4*y**2 + y**2 + 16*y + 3*y + 2*y**2. Let o(a) = -a + 1. Let j(x) = f(x) + 5*o(x). What is the tens digit of j(11)?
3
What is the hundreds digit of (-3)/(-18) + 4336185/630?
8
Suppose 5*g - 966 + 186 = 5*l, -5*g + 625 = -4*l. Let s = 559 + l. What is the hundreds digit of s?
4
Let o = 28 + -25. Suppose o = 3*f - 5*s, 4*s + 14 = 5*f - 4. What is the units digit of (-3)/((-36)/14)*f?
7
Suppose -13*w + 480 = -17*w. Let d be (-12 + 2)/(2*3/w). Suppose 49*t - d = 47*t. What is the units digit of t?
0
Let r(m) = m**2 - 34*m + 121. Let d be r(4). Let y(s) = 540*s**2 - s. What is the hundreds digit of y(d)?
5
Suppose 4*s + 0*m + m - 8 = 0, 5*s + 5 = -5*m. Suppose x - s - 1 = 0. Suppose 4*d - 336 = x*o, 2*d = -2*d - o + 311. What is the units digit of d?
9
Suppose 14*s = -19*s - 0*s + 1494537. What is the hundreds digit of s?
2
Let t(h) = 3*h**